+ a. Let v(y) = 3*y**2 + 2*y - 6. Let x be v(4). Calculate the highest common divisor of x and t.
10
Let l = -268 + 478. Suppose 4*d - l = d. Suppose 0 = -0*u - 5*u + d. What is the greatest common divisor of 21 and u?
7
Let w be (2 - -46)/(0 + 1). Suppose -5*a + a + w = 0. Calculate the greatest common factor of a and 96.
12
Let h be 3/(3/4 + 0). Suppose h*a - 20 - 24 = 0. Let s(y) = -y**3 - 8*y**2 - 10*y + 1. Let v be s(-7). Calculate the greatest common divisor of v and a.
11
Suppose 3*l - 4*l = -2. Suppose 0*x + 8 = -4*x, -2*x + 4 = l*g. Calculate the greatest common divisor of 4 and g.
4
Let b(z) = -z**2 - 9*z + 14. Let p be b(-8). Calculate the greatest common divisor of p and 11.
11
Suppose m = 17 - 5. Calculate the highest common divisor of 84 and m.
12
Suppose -5*a = 4*j - 21, -a = j + 3*a - 19. Let h be 18 - (4 + (-2 - j)). Calculate the greatest common factor of 45 and h.
15
Suppose -252 + 72 = -2*y - 5*g, y - 108 = 2*g. Calculate the greatest common divisor of y and 25.
25
Let h = 13 + -8. Let n(d) = d**3 - 2*d**2 + 8*d - 7. Let q be n(h). Calculate the highest common factor of 12 and q.
12
Let w = -8 - -13. Suppose w*u - 14 = -4. Let i be 21 + 2 - 2/2. Calculate the highest common factor of u and i.
2
Suppose 9 + 423 = 6*r. Calculate the greatest common factor of r and 9.
9
Let u = -54 + 87. Calculate the highest common divisor of u and 11.
11
Let g be (-4)/(-6) + 176/33. Let a be (-56 + 0)*g/(-7). Calculate the greatest common divisor of a and 16.
16
Suppose -x + 0*x + 197 = 3*c, -5*x = 2*c - 998. Let d = -60 + x. Calculate the highest common divisor of d and 20.
20
Let z be 16/(-72) - 40/(-18). Let m(c) = 145*c - 1. Let j be m(1). Suppose -v + j = z*v. Calculate the highest common factor of v and 16.
16
Let g = -49 + 59. What is the greatest common divisor of 6 and g?
2
Let a = 2 - 6. Let i(z) = z**2 - z - 2. Let s be i(a). Calculate the highest common factor of s and 6.
6
Let l(p) = -p + 1. Let q be l(-4). Suppose 4*k = 6*k - 40. Suppose -4*y = -k - 120. What is the greatest common factor of y and q?
5
Suppose 4*d = 4, 0 = -5*s + 3*d - 2*d + 59. What is the highest common factor of 3 and s?
3
Let z be (-12)/(-12) - (0 + -15). Calculate the greatest common factor of 16 and z.
16
Let a = -163 + 72. Let y = 256 + a. Let j(k) = k**2 + 12*k + 2. Let m be j(-13). What is the highest common factor of m and y?
15
Suppose v = -4*p + 360, -p - 2*v = 2*p - 270. Suppose -2*x = -z - 23 - 2, 0 = -2*x - 3*z + 5. What is the greatest common factor of p and x?
10
Let z(f) = -12*f - 2. Let k be z(-1). What is the greatest common factor of 15 and k?
5
Let o be 4038/30 - (-2)/5. Let n be (15/(-4))/5*-20. Calculate the highest common factor of n and o.
15
Let z(f) = -f**3 - 5*f**2 + 2*f - 11. Let c be z(-6). What is the highest common divisor of 91 and c?
13
Let c = 2 - -2. Calculate the highest common factor of 8 and c.
4
Let b be -110*(28/8 + -4). Calculate the greatest common factor of b and 22.
11
Let b(q) = q**3 - 2*q**2 + 12. Let k be b(3). Calculate the highest common divisor of 3 and k.
3
Let i(g) = g**2 - 4. Let y = -3 + 6. Let w be i(y). Let z(n) = n**2 + 24*n + 64. Let k be z(-21). Calculate the greatest common divisor of k and w.
1
Suppose 2*w + 34 = 2*h, -w - 30 = 4*h + 12. Let s be (1/(-2))/((-1)/(-8)). Let p be (w/s)/((-1)/(-12)). What is the highest common divisor of p and 22?
22
Let f(d) = d**2 + 12*d + 5. Let k be f(-10). Let m be ((-27)/k)/(2/30). What is the greatest common divisor of m and 9?
9
Let l be 96/56 + (-2)/(-7). What is the highest common factor of l and 2?
2
Let k be 1*2*(-17)/(-2). What is the greatest common factor of k and 34?
17
Let c = 0 + 1. Let f(r) = 12*r**2. Let y be f(c). Let k = 113 - 5. Calculate the greatest common divisor of y and k.
12
Suppose 15*t - 63 = 12*t. What is the highest common factor of 14 and t?
7
Let g(s) = s**2 - 4*s + 6. Let w be g(4). Let k = w + -1. Suppose -h = h - 110. What is the greatest common divisor of h and k?
5
Let a = -85 - -121. What is the greatest common factor of a and 180?
36
Let w(s) = s**2 - s + 30. Suppose -3*n = n. Let v be w(n). Let r(u) = 11*u**3 + 1. Let l be r(1). Calculate the greatest common factor of v and l.
6
Suppose -4*r = -14 - 6. What is the greatest common factor of r and 5?
5
Let t(f) = 3*f - 1. Let j = -5 + 9. Let w be t(j). What is the highest common factor of 88 and w?
11
Let s(u) = u - 1. Let r be s(3). Let y be (3 + r)/((-2)/(-8)). Suppose 4*m = -5*f + 134, -4*m + m = 5*f - 138. Calculate the greatest common factor of y and f.
10
Suppose 4*r - 16 = h, -3*h - 5*r = -3*r + 76. Let j = h + 0. Let l = j - -37. Calculate the greatest common factor of l and 91.
13
Suppose 0 = -5*r + 2*g - 70, g - 22 = -5*r - 107. Let q = -14 - r. Calculate the highest common divisor of 2 and q.
2
Let t be ((-15)/2)/((-9)/12). Calculate the highest common factor of t and 20.
10
Suppose o - 5*b = -0*o + 17, -b = -3*o + 9. Suppose o*j + 130 = 7*j. What is the highest common factor of 13 and j?
13
Let p = -47 - -24. Let c = -16 - p. Let l be c + 0 + 3 + 3. What is the highest common divisor of 143 and l?
13
Let w be (-15)/1 - (3 - 2). Let u = w + 240. What is the highest common factor of 28 and u?
28
Let i be (-1 - -3) + (0 - 2). Suppose 5*y - 25 = i, 4*o = 7*o - y - 7. Let f be (-2)/o*(-3 - 11). Calculate the highest common factor of 56 and f.
7
Suppose d - 105 = -d + 5*p, 0 = -d - 5*p + 15. Calculate the highest common factor of 10 and d.
10
Suppose -49 + 13 = -z. Calculate the greatest common factor of z and 144.
36
Let m be 68/6 + 6/9. What is the highest common factor of m and 60?
12
Let s = 34 - -31. Let j = -21 + s. Calculate the highest common divisor of 4 and j.
4
Let s = 63 + 31. Let w = 26 + s. What is the highest common factor of 15 and w?
15
Let s(w) = 16*w**3 - w**2 + 1. Let y be s(1). What is the highest common divisor of y and 128?
16
Let i(k) = -2*k - 3. Let d be i(-4). Suppose -d*g = 5*s - 30, -g - 27 = -4*s - 3. Let j be (1/2)/(s/132). Calculate the highest common factor of j and 11.
11
Let i = 36 + -30. What is the greatest common divisor of 1 and i?
1
Suppose -2*c - c = -3. Calculate the highest common factor of c and 5.
1
Let f be (-3)/1 + 4 - 1*-3. What is the greatest common factor of 4 and f?
4
Let q be 29/145 - 274/(-5). Calculate the highest common factor of q and 5.
5
Let v be 4 + (1 - (-1 - 0)). Let c(b) = 3*b - 6. Let p be c(v). Let k(u) = u**2 + 17*u + 6. Let i be k(-18). What is the greatest common divisor of i and p?
12
Let y = 2 - 2. Let v = 4 - y. Let k(m) = 21*m**3 - m. Let q be k(1). What is the greatest common divisor of q and v?
4
Suppose c + 9 = -5*g, g - 9 = -2*g + 3*c. Let d(u) = -15*u**3 - 2*u**2 + 1. Let s be d(g). Let f = 26 - s. Calculate the highest common divisor of f and 6.
6
Let h(a) = -a**3 - 4*a**2 - 3*a. Suppose -1 + 13 = -4*p. Let g be h(p). Suppose -i - 3*i + 160 = g. Calculate the greatest common divisor of i and 5.
5
Suppose 0 = 8*h - 362 - 158. What is the greatest common divisor of 26 and h?
13
Let k = -11 - -15. What is the highest common divisor of 32 and k?
4
Let l(o) = 25*o**2 - 1. Let m be l(1). Let t = 31 - 11. Suppose 5*u + 5*r - 45 = t, -2*u - r = -29. What is the highest common factor of u and m?
8
Let m(d) = 2*d**3 - 6*d**2 + d. Let y be m(4). Calculate the highest common factor of 108 and y.
36
Let c = 72 + -48. What is the highest common divisor of 60 and c?
12
Let g be (-1356)/(-18) - (3/1)/9. Let a = 26 + 4. What is the greatest common factor of g and a?
15
Let o be -1 + 3*(-5)/(-3). What is the highest common factor of o and 8?
4
Let k be (-45)/18*118/(-5) - 4. Suppose 0*v = 2*v - 44. Calculate the highest common divisor of v and k.
11
Suppose 0 = -6*h - 9*h + 15. Calculate the greatest common divisor of 2 and h.
1
Let t = 103 + -75. Suppose -20 = -i - 4*i. Calculate the greatest common divisor of t and i.
4
Let t be 3/(0 - (-3 - -2)). Let g(u) = -3*u**3 - 10*u**2 - 9*u + 5 - 18 + 2*u**t. Let o be g(-10). Calculate the greatest common factor of 11 and o.
11
Suppose -y = y. Suppose 5*a - 1 - 19 = y. Let b be (-5)/((-2)/(-2 + a)). What is the highest common factor of b and 55?
5
Let m be 6/(-21) + (-9)/(-7). Let c = m + -1. Suppose c*q + 60 = q. Calculate the greatest common divisor of q and 24.
12
